t a(d) = -6*d + 3. Let p be a(-2). Let z = p + -4. Let w = 66 - 36. Calculate the remainder when w is divided by z.
8
Suppose -5*p + 2748 + 3272 = 0. What is the remainder when p is divided by 17?
14
Let f be 3*-1*8/8. Calculate the remainder when (-2)/(12/86)*f is divided by 15.
13
Suppose -57 = -30*u + 813. Calculate the remainder when 138 is divided by u.
22
Let j = 5 + 17. Let y = -86 + 26. Let a = 72 + y. What is the remainder when j is divided by a?
10
Suppose -5*p + 2910 = -3*l, 3*l - 4478 = -5*p - 1538. Suppose 315 = 12*i - p. What is the remainder when i is divided by 13?
10
Let d(a) = -27*a**3 - 3*a**2 - 2*a. Calculate the remainder when d(-1) is divided by 5.
1
Let b = 4845 - 4844. Let s = -3 - -5. Calculate the remainder when s is divided by b.
0
Let w = -28 - -36. Suppose w*n - 96 - 72 = 0. Calculate the remainder when n is divided by 4.
1
Let n = 16 + -13. Suppose n*u = 6, -8 = y - 4*u + 5*u. What is the remainder when 1 - y - (-12)/6 is divided by 5?
3
What is the remainder when (-17)/(-34) - 274/(-4) is divided by 33?
3
Let s = 13 + 2. Let p = 1490 - 1435. Calculate the remainder when p is divided by s.
10
Let w be (648/(-21))/4*-7. Suppose -3*q = -5*q + w. Suppose 0 = -2*d + 2*x + 18, 3*d - 5*x = -0*d + 17. Calculate the remainder when q is divided by d.
13
Calculate the remainder when ((-18)/21)/(30/(-1820)) is divided by 18.
16
Suppose -3*y + 77 = 5*d - 104, 179 = 5*d + 2*y. What is the remainder when 170 is divided by d?
30
Let v be 5 - 2 - (1 + -1). Suppose 0 = v*d - 4*o - 19 - 13, 4*d - 26 = 2*o. Suppose -99*n - 36 = -108*n. What is the remainder when n is divided by d?
0
Suppose 0*a + 125 = 4*a + v, 0 = 4*a + 3*v - 119. Calculate the remainder when 880/7 - (-6)/21 is divided by a.
30
Suppose 445 = 3*y - 4*j, -2*j + 457 = 3*y - 0*y. Calculate the remainder when y is divided by 7.
4
Let d be 0/(-2*3/(-3)). Let f(r) = r**3 + r**2 - r + 33. Let z = -167 - -185. Calculate the remainder when f(d) is divided by z.
15
Suppose 0 = y + 5*u - 24, 0*y + 2*y + 2*u - 40 = 0. What is the remainder when -4 + 1 - 912/(-24) is divided by y?
16
Let l = 137 + -137. Calculate the remainder when 134 is divided by ((-34)/(-8))/((-9)/(-72)) + l.
32
Let w(p) = -p**3 + 2*p**2 - 5*p + 13. Let i(o) = o + 4. What is the remainder when w(2) is divided by i(-3)?
0
Suppose -15 = -4*d + 13. Calculate the remainder when 46 is divided by d.
4
Let g = -4 + 7. Suppose -g*k + 2*b = -420, 2*k + 5*b - 399 = -k. Suppose t + t - k = 0. What is the remainder when t is divided by 35?
34
Let j(z) = -z**3 - 17*z**2 + z + 21. Suppose 4*g = -7 + 19. What is the remainder when (90/g)/(4/2) is divided by j(-17)?
3
Let k(d) = d**3 + 9*d**2 + 12*d + 16. Let r be k(-11). Let c = r + 240. Calculate the remainder when ((-15)/6 + 2)*c is divided by 15.
14
Suppose -4*u - 596 = -3*i, u = -3*i + 568 + 48. What is the remainder when i is divided by 23?
20
Let t = -201 + 214. Suppose -i + 49 = -1. Calculate the remainder when i is divided by t.
11
Let n = 21 - -27. Suppose -3*k - a + 42 = 0, -5*k - 5*a + 12 = -n. What is the remainder when 43 is divided by k?
13
Suppose 0 = 3*b - 2*s - 268, -2*s = -1 - 1. Suppose 18 = -3*p + b. Calculate the remainder when 141 is divided by p.
21
Let i be (-2)/(10/15) + -41. Let t = i - -62. Calculate the remainder when t is divided by 5.
3
Let s = 56 + -56. Calculate the remainder when 18 is divided by s/(6/(-2)) - -11.
7
Let c(t) = 2*t**2 + 15*t + 45. What is the remainder when 298 is divided by c(-5)?
18
Suppose -37*d + 11*d + 2574 = 0. Calculate the remainder when d is divided by 31.
6
Let x(h) = -181*h - 5. What is the remainder when x(-2) is divided by 30?
27
Let r(v) = 2*v**2 - 20*v + 85. Let c = -237 + 411. Calculate the remainder when c is divided by r(5).
34
Let p = 41 - 20. Let l(j) = -j**3 - j**2 + 2*j + 3. Let t be l(0). Suppose -r + 4*d = 4, 0*d - t*d + 60 = 4*r. What is the remainder when p is divided by r?
9
Suppose -5*t = -t + 4*g - 136, -3*t + 3*g = -120. What is the remainder when 211 is divided by t?
26
Suppose -2*y = -4*x - 82 - 142, -5*y + 540 = -5*x. Let v(m) = -2*m**3 - 2*m**2 + 2*m - 2. Calculate the remainder when y is divided by v(-3).
20
Let m be (-5 - -5) + 8 - 1*-1. What is the remainder when (-1 - 1)/(4/(-34)) is divided by 1/m*-3 + 32/6?
2
Let c = -32 - -47. Suppose 8*s - 3*s - 135 = 0. Suppose -y = -0*y - s. Calculate the remainder when y is divided by c.
12
Let p be 7/(70/(-6))*-5. Suppose 0 = -p*s + 2*s + 16. What is the remainder when 44 is divided by s?
12
Suppose -2*r + 3 = h - 0*h, 3*r - 12 = 0. Let a be -1 - 0 - (-345)/h. What is the remainder when 25 is divided by ((-2)/(-2))/((-5)/a)?
11
Let r = -281 - -291. What is the remainder when 119 is divided by r?
9
Suppose -20*q + 4686 = 13*q. Calculate the remainder when q is divided by 15.
7
Suppose 4*l - 16 = 4*r, 0*l = -2*r - l + 7. What is the remainder when r/3*-3 + 99 is divided by 52?
46
Let n be (-2 - (-1 + 0)) + (-15)/(-5). What is the remainder when 19 is divided by 4 + (n + 1)*(-1)/(-3)?
4
Let s(j) = -j + 12. Let y = -7 - -7. Let d(m) = m**2 - 13. Let n be d(y). What is the remainder when s(n) is divided by 13?
12
Let o(a) = -4*a - 1. Suppose 0 = -l - c + 38, 0*c = -2*l - 4*c + 82. Calculate the remainder when l is divided by o(-5).
16
Let l = -103 + 110. Calculate the remainder when l is divided by 4.
3
Let m = -18 + -17. Let u = m + 43. Calculate the remainder when 38 is divided by u.
6
Let a = 3 - 2. Let q(l) = 16*l**3 - 3*l**2 + 3*l - 1. Calculate the remainder when q(a) is divided by 5.
0
Suppose -44 = -v - k, 2*v - 5*k - 36 = 87. Let w = 69 - v. What is the remainder when 22 is divided by (-5)/10*w/(-2)?
2
Let l(q) = q**2 + 26*q + 54. What is the remainder when 83 is divided by l(-25)?
25
Let y(z) = -8*z - 13*z + 3*z - 2 - 3. Let j be y(-5). Suppose 0*i - j = -5*i. Calculate the remainder when 50 is divided by i.
16
Suppose 4*g = -4*n + 2*n + 64, 5*g = 15. Suppose -s + 4*t + n = 0, 4*s - s = -4*t + 30. Let k = s - 6. Calculate the remainder when 13 is divided by k.
5
Let d(v) = v**3 + 11*v**2 - 5*v - 13. Let j = -22 - -11. What is the remainder when d(j) is divided by 27?
15
Suppose 3*f = 4*i - 53, 0 = -3*i + 2*i + 5. Let b = f + 54. What is the remainder when b is divided by (-210)/280 + 47/4?
10
Suppose -f - 3*f = 2*c - 56, -5*c - 5*f = -115. Suppose 3*l = 6*l - 369. What is the remainder when l is divided by c?
15
Let n = 80 - 62. Calculate the remainder when 55 is divided by (-1846)/(-234) - (-2)/n.
7
Suppose 32*y = 31*y + 25. Let z(b) = b**3 - 8*b**2 + 5*b - 4. What is the remainder when z(9) is divided by y?
22
Let i = -272 + 311. What is the remainder when 100 is divided by i?
22
Let z(c) = 3*c**2 - 3*c + 1. Let o be z(4). Suppose -7*p = -s - 2*p + o, -3*s + 11 = 5*p. Calculate the remainder when 83 is divided by s.
11
Let i = -44 - -47. Suppose -3*q + v + 36 = -4*v, -i*q = -3*v - 36. What is the remainder when 32 is divided by q?
8
Suppose 2*c + 35 = o - 39, 2*c + 370 = 5*o. Calculate the remainder when 226 is divided by o.
4
Let z = -20 + 35. Calculate the remainder when (-5344)/(-92) + 3/((-621)/18) is divided by z.
13
Let w = -134 + 144. Calculate the remainder when w is divided by 10.
0
Let x = -911 + 970. Calculate the remainder when 174 is divided by x.
56
What is the remainder when 128 is divided by (-495)/36 - -14 - (-107)/4?
20
Suppose 0 = -7*a - 22680 - 105. What is the remainder when a/(-25) - 4/20 is divided by 67?
63
Suppose 0 = 81*c + 56*c - 102339. What is the remainder when c is divided by 10?
7
Let k be -1 - (2 - 0 - -13). Let w(i) = -2*i**3 - 4*i**2 - i - 1. Let g be w(-3). Let p = g + k. Calculate the remainder when 11 is divided by p.
3
Suppose -2*x + 2*c - 4*c + 592 = 0, -4*x = 3*c - 1183. Suppose -x - 776 = -9*m. Calculate the remainder when m is divided by 31.
26
Let l(y) = y**3 - 21*y**2 + 20*y + 10. Let n be l(20). Suppose 3*u - n = 5*u, -b - 10 = 4*u. What is the remainder when b is divided by 4?
2
Suppose 8*o = 2*j + 11*o - 45, -3*j = -4*o - 76. Calculate the remainder when 38 is divided by j.
14
Suppose 84 = -7*s - 77. Let v = s + 40. Calculate the remainder when v is divided by 10.
7
Let l = -158 - -173. Let m be 14/(-21)*(-7 - -1). Suppose 3*z = -u + 211, -6*z + z = -m*u - 380. What is the remainder when